+ 63 = 2*v. What is the units digit of v?
9
Let f be 9/6*40/15. Suppose 13 = -h + 5*g, f*h - 16 = 4*g - g. What is the units digit of h?
7
Let r(s) = 0*s - 5 - s**3 + 2 + 8*s**2 - 6*s. Let u = 5 - -2. What is the units digit of r(u)?
4
Let j be 4*(3 - (-2)/(-1)). Let i(b) = b + 1 - 1 - 1. What is the units digit of i(j)?
3
Let f = 4 - 0. What is the units digit of f?
4
Let l be 2/(-4)*(-40)/5. Suppose 104 = l*t - 8*t. Let r = -12 - t. What is the units digit of r?
4
Suppose k - 12 = -9. Suppose q + 37 = 3*s, k*s - q - 3*q - 49 = 0. What is the units digit of s?
1
Let z be ((-4)/(-6))/((-2)/(-6)). Suppose 0 - 6 = -z*w. What is the units digit of (-1)/w - 14/(-6)?
2
Suppose 5*v = 2*y + 5, -v - v + 16 = 2*y. Suppose 0*b - 3*b - s + 35 = 0, -2*s = v*b - 40. What is the tens digit of b?
1
Let m be (-1)/(3/(-174)) - -1. Let g = m - 35. What is the tens digit of g?
2
Suppose -n = -r + 99, 3*r + 2*r + 3*n - 479 = 0. What is the units digit of r?
7
What is the units digit of (-2)/8 - 54/(-24)?
2
Let i(g) = -6*g + 4*g + 1 + 3*g. Let a(k) = 6*k + 11. Let s(v) = a(v) - 5*i(v). What is the units digit of s(-5)?
1
Let b(y) = -y**3 + 5*y**2 + 4*y + 8. Let m be b(6). Let k = 7 - m. What is the units digit of k?
1
Suppose -2*p + 5*c + 18 = 2*c, -2*p = -2*c - 20. Let o = -5 + p. Let t = o - 4. What is the units digit of t?
3
What is the units digit of 102/30 + (-2)/5?
3
Let p(g) = g**2 - 6*g - 3. Let n be p(7). Suppose 15 = 3*u, -w - 8 = -n*u + 2. What is the tens digit of w?
1
What is the units digit of 4 - -5 - (-1 + 1)?
9
Let i = -28 - -72. What is the units digit of (-10)/35 - i/(-7)?
6
Let s(a) = -a - 1. Let w be s(-4). Suppose w*u = 2*y - 9, 2*u + 7 + 31 = 4*y. What is the units digit of y?
2
Let j(m) = m**3 + 19*m**2 - 5*m - 5. What is the tens digit of j(-19)?
9
Suppose 0 = 4*i - 5*r - 13, i + 4 = 2*i - 2*r. Let z be ((-1)/i)/((-2)/24). What is the units digit of 3/(z/16) + -2?
6
Let c = 3 - 0. Suppose -4*w = -c*l + 49, 4*l = -0*w - 2*w + 58. What is the tens digit of l?
1
Suppose k + 2*l + 0 + 1 = 0, -k = l. Suppose -2*v + 16 = -j, 0 = -v + 4*j + 2 - k. What is the units digit of v?
9
Let t(n) = 4*n**2 - 2*n - 1. Let g(x) = -x + 5. Let h be (3 - 2)*(-3)/(-1). Let d be g(h). What is the tens digit of t(d)?
1
Let w(u) = u**2 + 1. Suppose -4*z - m + 52 = 0, -m - 8 = -2*z + 3*m. Suppose 0 = 5*n + 2*y - z, -n + 2*n + 3*y - 5 = 0. What is the units digit of w(n)?
5
Suppose 2*m + 3*k - 13 = -3*m, 2*m - 2 = 2*k. What is the units digit of 10*(m - -2)/8?
5
Let x = 15 - 9. Let l = 6 + x. What is the tens digit of l?
1
Let h(r) = r**2 - 10*r + 4. Let c be h(8). What is the units digit of 28 + (-4)/(c/(-9))?
5
Let f(s) = s**3 - 7*s**2 + 2*s - 8. Let i = -3 - -10. Let r be f(i). What is the units digit of 70/12 + r/36?
6
Let h = 1 - 4. Suppose 3*w - 8 = 5*f, w + f + 9 = 1. What is the units digit of h/w + 1/4?
1
Suppose 6 = 3*l - 0. Let z(y) = -l + 2*y + 0*y - 3*y. What is the units digit of z(-4)?
2
Let o(l) = -l**3 - 11*l**2 - 11*l + 9. Let a be -1 + -2 + -10 + 3. What is the tens digit of o(a)?
1
Suppose 0 = -t + 17 + 31. What is the units digit of t?
8
Let l = -5 + 8. Suppose l*u - 2 = -5, -u = 3*s - 5. Let v = s + 0. What is the units digit of v?
2
Let f = 1 + 5. Suppose 5*n - 50 = -f*s + s, 5*s + 90 = 5*n. What is the tens digit of n?
1
Suppose 0 = -0*f - f. What is the tens digit of 217/(-7)*(f + -1)?
3
Let y be 8/2*(-22)/(-4). Let f(m) = 5*m - 15. Let h be f(6). Let c = y - h. What is the units digit of c?
7
Suppose 3 - 15 = 3*w. Let o = -4 - w. Suppose -v + 1 = -o*v. What is the units digit of v?
1
Let l be 3/12 - (-15)/4. Suppose 9 = l*v - 3*v. What is the units digit of v?
9
Suppose 13*x = 4*x + 972. What is the tens digit of x?
0
Suppose -3*x + 2*h + 0 = 8, 4*h - 16 = -2*x. Suppose 0 = -c - 5*t - 5 + 46, x = 3*c + 2*t - 123. What is the units digit of c?
1
Let r be -1*(14 + (2 - 2)). Let w be -2 + 2 + r - -2. What is the units digit of 8/w*(-1 - 8)?
6
Suppose 0*i + i + 5*h - 10 = 0, 0 = -5*i - 3*h + 6. Suppose d + 3*d - 48 = i. Suppose 0*n - d = -n. What is the units digit of n?
2
Let p = 309 - 217. Suppose l + r - 32 = 3*r, 5*r = 3*l - p. What is the units digit of l?
4
Let f(d) = 4*d**2 + 5*d + 17. What is the tens digit of f(-3)?
3
Suppose 2*a + 5*u + 6 = 13, -a + 5 = 2*u. Let r = 18 - a. What is the units digit of r?
7
Let y(i) = i**2 + 8*i - 1. Let b be y(-11). What is the tens digit of b + (1 - 6/3)?
3
What is the tens digit of (1 + (1 - 1))*111?
1
Suppose 4*g - 28 = 2*s - 6*s, -5*s = -15. Suppose g*f = 9 + 15. What is the tens digit of (-4)/f*66/(-4)?
1
Let b = 5 - 3. Suppose -5*t + 8 + b = 0. What is the units digit of t?
2
Suppose 4*u = 56 + 16. Let s be (2/(-3))/((-1)/u). Let h = s + -4. What is the units digit of h?
8
Let v = 1 + -1. Suppose -d + 2*d + 19 = v. Let n = d - -30. What is the tens digit of n?
1
Let y(c) = 3*c - 1. Let k be y(1). Suppose k*s = 6*s - 40. What is the tens digit of s?
1
Let c be -1*6*(-1)/(-2). Let p = c + 2. Let q(g) = -4*g - 1. What is the units digit of q(p)?
3
Suppose -2*t + 12 + 4 = 0. Suppose -5*a = 3*b + 7, -5*a - t = -0*b + 2*b. What is the units digit of b?
1
Suppose b - 4*b = 3*f - 9, -5*f = 25. Suppose 0 = 2*x - b - 36. What is the tens digit of x?
2
Suppose -2*p + 54 = -5*n + 255, 4*p - 131 = -3*n. What is the tens digit of n?
4
Suppose 0 = 4*j - j - 105. What is the units digit of -3 - (-2 - (-4 + j))?
0
Suppose 3 = 2*n - 5. Suppose -4*c + 1 + 2 = 3*u, -c + 7 = 2*u. Suppose 74 = u*y - d, 0 = -n*y - 0*d + d + 59. What is the units digit of y?
5
Suppose 0*n = 5*n - 100. Let g(l) = l**2 - 5*l - 2. Let q be g(7). Let w = n - q. What is the units digit of w?
8
Let o = 8 - 1. Suppose -n - 1 = -o. What is the units digit of 29/3 + (-4)/n?
9
Let w(t) = -t**2 - t + 5. Suppose 2*i = 7*i. Let h be w(i). Let r = h - 1. What is the units digit of r?
4
Suppose 3*d + d + 42 = 2*y, -4*y = -4*d - 68. What is the units digit of y?
3
Let q(x) = -3*x**3 - 4*x**2 - 5*x - 6. What is the units digit of q(-2)?
2
Let m(h) = 3*h**2 + 4 - 3*h + 4 - 5. Let l(w) = -w**2 - 4*w - 1. Let o be l(-3). What is the units digit of m(o)?
9
Let r be (-1)/(-2) + (-39)/6. Let n be ((-6)/(-1))/((-9)/r). Suppose -3*u + 28 = -i + 11, 3*u - 14 = n*i. What is the units digit of u?
6
What is the tens digit of ((-99)/27)/((-2)/18)?
3
Let q = 49 - -2. What is the units digit of q?
1
Let n(v) = -v**2 + 8*v - 6. Suppose 2*k - 10 = 4. What is the units digit of n(k)?
1
Suppose 0*s + 84 = 3*s. Suppose -4*d - 2*k - 64 = 0, k = 5*d - 3*k + 80. Let x = d + s. What is the tens digit of x?
1
Let z(f) = f**3 + 8*f**2 + 3*f + 14. What is the units digit of z(-7)?
2
Let t be -3*3*10/(-9). Let v = -8 + 33. Let f = v - t. What is the tens digit of f?
1
Suppose -351 = -17*y + 1978. What is the tens digit of y?
3
Let j = 19 + -7. What is the tens digit of j?
1
Suppose 2*h - 252 = -2*h. What is the units digit of h?
3
Suppose 4*c + 0*w = 4*w + 76, 5*c - 65 = -w. What is the tens digit of c?
1
Let g be -2 + (-9 + 1)/(-2). Suppose -3*i + 5 = 2*c, -17 = -5*c - g*i + 1. What is the units digit of c/2 - (2 + -4)?
4
Let y(o) = 5*o**2 - 2*o + 2. What is the tens digit of y(6)?
7
Let z be 44/8 - 6/4. Suppose z*v + 13 = 45. What is the units digit of v?
8
Suppose 0 = -14*m + 2*m + 1692. What is the units digit of m?
1
Let r(h) = h**2 + 5*h. Let d(o) = -o**2 - 4*o - 1. Let t(x) = 3*d(x) + 4*r(x). Suppose -2*g - 4*n + 23 = -5*g, 3*g = -5*n - 32. What is the units digit of t(g)?
6
Let t be (-2)/(-7) + 12/7. Let f(l) = -8*l**2 + 3*l + 3. Let g(y) = -15*y**2 + 6*y + 5. Let d(x) = 11*f(x) - 6*g(x). What is the units digit of d(t)?
5
Let c = -9 - -15. Let i be ((-2)/(-4))/(1/c). Suppose -5*k + 90 = 5*t, t + 30 = 2*k - i*t. What is the tens digit of k?
1
Let y be (4 - 1)/((-18)/(-12)). Suppose 0 = c + 4*m - 36, 4*c - y*m - 49 = m. Let t = c - 11. What is the units digit of t?
5
Suppose 5*b - 16 = 9. Suppose -25 = -b*c + 5*r, -1 + 3 = 2*c + 2*r. What is the units digit of c?
3
Suppose 0 = 4*c - 2*a - 504, 4*a - 131 = -c - 14. What is the hundreds digit of c?
1
Suppose 3*i = -15, -3*b - 4*i + i = 57. What is the units digit of (462/b)/(-1 + 0)?
3
Suppose 86 = 3*n + 5*g, 0 = -0*n + 2*n - 4*g - 28. What is the units digit of n?
2
Suppose 0 = -3*h - 5*x + 2, -2*h = 2*h + 4*x - 8. Suppo